{"id":585,"date":"2025-12-15T18:18:37","date_gmt":"2025-12-15T17:18:37","guid":{"rendered":"https:\/\/lesoraclesk.com\/?post_type=product&#038;p=585"},"modified":"2025-12-15T18:24:53","modified_gmt":"2025-12-15T17:24:53","slug":"print-illustration-originale-numerique-a5et-a4-corbeau","status":"publish","type":"product","link":"https:\/\/lesoraclesk.com\/index.php\/produit\/print-illustration-originale-numerique-a5et-a4-corbeau\/","title":{"rendered":"Print illustration originale Num\u00e9rique &#8211; A5et A4 &#8211; &#8220;Corbeau&#8221;"},"content":{"rendered":"<p>Print illustration Num\u00e9rique &#8211; A5et A4 &#8211; Illustration originale<\/p>\n<p>illustration noir et blanc avec une touche de jaune dor\u00e9 moderne d&#8217;un corbeau<br \/>\navec une couronne sur la t\u00eate<br \/>\nIllustration Procr\u00e9ate r\u00e9alis\u00e9e par mes soins sur tablette graphique<\/p>\n<p>Des d\u00e9tails paillet\u00e9s ont \u00e9t\u00e9 rajout\u00e9s manuellement sur chaque illustration.<\/p>\n<p>TAILLE<br \/>\nFormat A5 et A4<br \/>\nA5 : env. 20,5 x 14,5 cm<br \/>\nA4 : env. 29,7 x 21 cm<\/p>\n<p>PAPIER<br \/>\nImpression sur papier \u00e9pais mat 180g CANSON DIGITAL<\/p>\n<p>Vendue sans cadre<\/p>\n<p>D\u00c9TAILS<br \/>\n&#8211; Les illustrations sont sign\u00e9es et dat\u00e9es au dos<br \/>\n&#8211; Les couleurs affich\u00e9es \u00e0 l&#8217;\u00e9cran peuvent l\u00e9g\u00e8rement varier \u00e0 l&#8217;impression.<br \/>\n&#8211; Toutes les illustrations sont r\u00e9alis\u00e9es par mes soins, chacune d&#8217;entre elles est donc unique.<br \/>\n-Des d\u00e9tails paillet\u00e9s ont \u00e9t\u00e9 rajout\u00e9s manuellement sur chaque illustration.<\/p>\n<p>LIVRAISON<br \/>\n\u2014 Exp\u00e9di\u00e9 dans une enveloppe en carton solide, protectrice et recyclable.<br \/>\n\u2014 Envoy\u00e9 par la poste, sans num\u00e9ro de suivi<\/p>\n<p>Toutes les oeuvres d&#8217;art sont prot\u00e9g\u00e9es par le droit d&#8217;auteur de Karen Hervo<br \/>\net ne peuvent \u00eatre revendues.<\/p>\n<p>&#8212;<\/p>\n<p>TROUVEZ-MOI<br \/>\nhttps:\/\/www.instagram.com\/karen_dessine_desoracles\/<\/p>\n","protected":false},"excerpt":{"rendered":"<p>Print illustration Num\u00e9rique &#8211; A5et A4 &#8211; Illustration originale illustration noir et blanc avec une touche de jaune dor\u00e9 moderne [&hellip;]<\/p>\n","protected":false},"featured_media":588,"comment_status":"closed","ping_status":"closed","template":"","meta":{"site-sidebar-layout":"default","site-content-layout":"","ast-site-content-layout":"default","site-content-style":"default","site-sidebar-style":"default","ast-global-header-display":"","ast-banner-title-visibility":"","ast-main-header-display":"","ast-hfb-above-header-display":"","ast-hfb-below-header-display":"","ast-hfb-mobile-header-display":"","site-post-title":"","ast-breadcrumbs-content":"","ast-featured-img":"","footer-sml-layout":"","theme-transparent-header-meta":"default","adv-header-id-meta":"","stick-header-meta":"","header-above-stick-meta":"","header-main-stick-meta":"","header-below-stick-meta":"","astra-migrate-meta-layouts":"set","ast-page-background-enabled":"default","ast-page-background-meta":{"desktop":{"background-color":"var(--ast-global-color-4)","background-image":"","background-repeat":"repeat","background-position":"center center","background-size":"auto","background-attachment":"scroll","background-type":"","background-media":"","overlay-type":"","overlay-color":"","overlay-gradient":""},"tablet":{"background-color":"","background-image":"","background-repeat":"repeat","background-position":"center center","background-size":"auto","background-attachment":"scroll","background-type":"","background-media":"","overlay-type":"","overlay-color":"","overlay-gradient":""},"mobile":{"background-color":"","background-image":"","background-repeat":"repeat","background-position":"center center","background-size":"auto","background-attachment":"scroll","background-type":"","background-media":"","overlay-type":"","overlay-color":"","overlay-gradient":""}},"ast-content-background-meta":{"desktop":{"background-color":"var(--ast-global-color-5)","background-image":"","background-repeat":"repeat","background-position":"center center","background-size":"auto","background-attachment":"scroll","background-type":"","background-media":"","overlay-type":"","overlay-color":"","overlay-gradient":""},"tablet":{"background-color":"var(--ast-global-color-5)","background-image":"","background-repeat":"repeat","background-position":"center center","background-size":"auto","background-attachment":"scroll","background-type":"","background-media":"","overlay-type":"","overlay-color":"","overlay-gradient":""},"mobile":{"background-color":"var(--ast-global-color-5)","background-image":"","background-repeat":"repeat","background-position":"center center","background-size":"auto","background-attachment":"scroll","background-type":"","background-media":"","overlay-type":"","overlay-color":"","overlay-gradient":""}}},"product_cat":[30],"product_tag":[35,34,33],"class_list":{"0":"post-585","1":"product","2":"type-product","3":"status-publish","4":"has-post-thumbnail","6":"product_cat-impressions","7":"product_tag-digital-art","8":"product_tag-illustration-numerique","9":"product_tag-impression","10":"desktop-align-left","11":"tablet-align-left","12":"mobile-align-left","14":"first","15":"instock","16":"shipping-taxable","17":"purchasable","18":"product-type-variable"},"yoast_head":"<!-- This site is optimized with the Yoast SEO plugin v22.8 - https:\/\/yoast.com\/wordpress\/plugins\/seo\/ -->\n<title>Print illustration originale Num\u00e9rique - A5et A4 - &quot;Corbeau&quot; -<\/title>\n<meta name=\"description\" content=\"Print illustration Num\u00e9rique - A5et A4 - Illustration originale en noir et blanc avec une touche de jaune dor\u00e9 moderne d&#039;un corbeau avec une couronne sur la t\u00eate\" \/>\n<meta name=\"robots\" content=\"index, follow, max-snippet:-1, max-image-preview:large, max-video-preview:-1\" \/>\n<link rel=\"canonical\" href=\"https:\/\/lesoraclesk.com\/index.php\/produit\/print-illustration-originale-numerique-a5et-a4-corbeau\/\" \/>\n<meta property=\"og:locale\" content=\"fr_FR\" \/>\n<meta property=\"og:type\" content=\"article\" \/>\n<meta property=\"og:title\" content=\"Print illustration originale Num\u00e9rique - A5et A4 - &quot;Corbeau&quot; -\" \/>\n<meta property=\"og:description\" content=\"Print illustration Num\u00e9rique - A5et A4 - Illustration originale en noir et blanc avec une touche de jaune dor\u00e9 moderne d&#039;un corbeau avec une couronne sur la t\u00eate\" \/>\n<meta property=\"og:url\" content=\"https:\/\/lesoraclesk.com\/index.php\/produit\/print-illustration-originale-numerique-a5et-a4-corbeau\/\" \/>\n<meta property=\"article:modified_time\" content=\"2025-12-15T17:24:53+00:00\" \/>\n<meta property=\"og:image\" content=\"http:\/\/lesoraclesk.com\/wp-content\/uploads\/2025\/12\/CORB-scaled.jpg\" \/>\n\t<meta property=\"og:image:width\" content=\"1920\" \/>\n\t<meta property=\"og:image:height\" content=\"2560\" \/>\n\t<meta property=\"og:image:type\" content=\"image\/jpeg\" \/>\n<meta name=\"twitter:card\" content=\"summary_large_image\" \/>\n<meta name=\"twitter:label1\" content=\"Dur\u00e9e de lecture estim\u00e9e\" \/>\n\t<meta name=\"twitter:data1\" content=\"1 minute\" \/>\n<script type=\"application\/ld+json\" class=\"yoast-schema-graph\">{\"@context\":\"https:\/\/schema.org\",\"@graph\":[{\"@type\":\"WebPage\",\"@id\":\"https:\/\/lesoraclesk.com\/index.php\/produit\/print-illustration-originale-numerique-a5et-a4-corbeau\/\",\"url\":\"https:\/\/lesoraclesk.com\/index.php\/produit\/print-illustration-originale-numerique-a5et-a4-corbeau\/\",\"name\":\"Print illustration originale Num\u00e9rique - A5et A4 - \\\"Corbeau\\\" -\",\"isPartOf\":{\"@id\":\"https:\/\/lesoraclesk.com\/#website\"},\"primaryImageOfPage\":{\"@id\":\"https:\/\/lesoraclesk.com\/index.php\/produit\/print-illustration-originale-numerique-a5et-a4-corbeau\/#primaryimage\"},\"image\":{\"@id\":\"https:\/\/lesoraclesk.com\/index.php\/produit\/print-illustration-originale-numerique-a5et-a4-corbeau\/#primaryimage\"},\"thumbnailUrl\":\"https:\/\/lesoraclesk.com\/wp-content\/uploads\/2025\/12\/CORB-scaled.jpg\",\"datePublished\":\"2025-12-15T17:18:37+00:00\",\"dateModified\":\"2025-12-15T17:24:53+00:00\",\"description\":\"Print illustration Num\u00e9rique - A5et A4 - Illustration originale en noir et blanc avec une touche de jaune dor\u00e9 moderne d'un corbeau avec une couronne sur la t\u00eate\",\"breadcrumb\":{\"@id\":\"https:\/\/lesoraclesk.com\/index.php\/produit\/print-illustration-originale-numerique-a5et-a4-corbeau\/#breadcrumb\"},\"inLanguage\":\"fr-FR\",\"potentialAction\":[{\"@type\":\"ReadAction\",\"target\":[\"https:\/\/lesoraclesk.com\/index.php\/produit\/print-illustration-originale-numerique-a5et-a4-corbeau\/\"]}]},{\"@type\":\"ImageObject\",\"inLanguage\":\"fr-FR\",\"@id\":\"https:\/\/lesoraclesk.com\/index.php\/produit\/print-illustration-originale-numerique-a5et-a4-corbeau\/#primaryimage\",\"url\":\"https:\/\/lesoraclesk.com\/wp-content\/uploads\/2025\/12\/CORB-scaled.jpg\",\"contentUrl\":\"https:\/\/lesoraclesk.com\/wp-content\/uploads\/2025\/12\/CORB-scaled.jpg\",\"width\":1920,\"height\":2560,\"caption\":\"illustration num\u00e9rique corbeau\"},{\"@type\":\"BreadcrumbList\",\"@id\":\"https:\/\/lesoraclesk.com\/index.php\/produit\/print-illustration-originale-numerique-a5et-a4-corbeau\/#breadcrumb\",\"itemListElement\":[{\"@type\":\"ListItem\",\"position\":1,\"name\":\"Accueil\",\"item\":\"https:\/\/lesoraclesk.com\/\"},{\"@type\":\"ListItem\",\"position\":2,\"name\":\"Boutique\",\"item\":\"https:\/\/lesoraclesk.com\/index.php\/boutique-les-oracles-k\/\"},{\"@type\":\"ListItem\",\"position\":3,\"name\":\"Print illustration originale Num\u00e9rique &#8211; A5et A4 &#8211; &#8220;Corbeau&#8221;\"}]},{\"@type\":\"WebSite\",\"@id\":\"https:\/\/lesoraclesk.com\/#website\",\"url\":\"https:\/\/lesoraclesk.com\/\",\"name\":\"\",\"description\":\"Cr\u00e9atrice d&#039;oracles\",\"potentialAction\":[{\"@type\":\"SearchAction\",\"target\":{\"@type\":\"EntryPoint\",\"urlTemplate\":\"https:\/\/lesoraclesk.com\/?s={search_term_string}\"},\"query-input\":\"required name=search_term_string\"}],\"inLanguage\":\"fr-FR\"}]}<\/script>\n<!-- \/ Yoast SEO plugin. -->","yoast_head_json":{"title":"Print illustration originale Num\u00e9rique - A5et A4 - \"Corbeau\" -","description":"Print illustration Num\u00e9rique - A5et A4 - Illustration originale en noir et blanc avec une touche de jaune dor\u00e9 moderne d'un corbeau avec une couronne sur la t\u00eate","robots":{"index":"index","follow":"follow","max-snippet":"max-snippet:-1","max-image-preview":"max-image-preview:large","max-video-preview":"max-video-preview:-1"},"canonical":"https:\/\/lesoraclesk.com\/index.php\/produit\/print-illustration-originale-numerique-a5et-a4-corbeau\/","og_locale":"fr_FR","og_type":"article","og_title":"Print illustration originale Num\u00e9rique - A5et A4 - \"Corbeau\" -","og_description":"Print illustration Num\u00e9rique - A5et A4 - Illustration originale en noir et blanc avec une touche de jaune dor\u00e9 moderne d'un corbeau avec une couronne sur la t\u00eate","og_url":"https:\/\/lesoraclesk.com\/index.php\/produit\/print-illustration-originale-numerique-a5et-a4-corbeau\/","article_modified_time":"2025-12-15T17:24:53+00:00","og_image":[{"width":1920,"height":2560,"url":"http:\/\/lesoraclesk.com\/wp-content\/uploads\/2025\/12\/CORB-scaled.jpg","type":"image\/jpeg"}],"twitter_card":"summary_large_image","twitter_misc":{"Dur\u00e9e de lecture estim\u00e9e":"1 minute"},"schema":{"@context":"https:\/\/schema.org","@graph":[{"@type":"WebPage","@id":"https:\/\/lesoraclesk.com\/index.php\/produit\/print-illustration-originale-numerique-a5et-a4-corbeau\/","url":"https:\/\/lesoraclesk.com\/index.php\/produit\/print-illustration-originale-numerique-a5et-a4-corbeau\/","name":"Print illustration originale Num\u00e9rique - A5et A4 - \"Corbeau\" -","isPartOf":{"@id":"https:\/\/lesoraclesk.com\/#website"},"primaryImageOfPage":{"@id":"https:\/\/lesoraclesk.com\/index.php\/produit\/print-illustration-originale-numerique-a5et-a4-corbeau\/#primaryimage"},"image":{"@id":"https:\/\/lesoraclesk.com\/index.php\/produit\/print-illustration-originale-numerique-a5et-a4-corbeau\/#primaryimage"},"thumbnailUrl":"https:\/\/lesoraclesk.com\/wp-content\/uploads\/2025\/12\/CORB-scaled.jpg","datePublished":"2025-12-15T17:18:37+00:00","dateModified":"2025-12-15T17:24:53+00:00","description":"Print illustration Num\u00e9rique - A5et A4 - Illustration originale en noir et blanc avec une touche de jaune dor\u00e9 moderne d'un corbeau avec une couronne sur la t\u00eate","breadcrumb":{"@id":"https:\/\/lesoraclesk.com\/index.php\/produit\/print-illustration-originale-numerique-a5et-a4-corbeau\/#breadcrumb"},"inLanguage":"fr-FR","potentialAction":[{"@type":"ReadAction","target":["https:\/\/lesoraclesk.com\/index.php\/produit\/print-illustration-originale-numerique-a5et-a4-corbeau\/"]}]},{"@type":"ImageObject","inLanguage":"fr-FR","@id":"https:\/\/lesoraclesk.com\/index.php\/produit\/print-illustration-originale-numerique-a5et-a4-corbeau\/#primaryimage","url":"https:\/\/lesoraclesk.com\/wp-content\/uploads\/2025\/12\/CORB-scaled.jpg","contentUrl":"https:\/\/lesoraclesk.com\/wp-content\/uploads\/2025\/12\/CORB-scaled.jpg","width":1920,"height":2560,"caption":"illustration num\u00e9rique corbeau"},{"@type":"BreadcrumbList","@id":"https:\/\/lesoraclesk.com\/index.php\/produit\/print-illustration-originale-numerique-a5et-a4-corbeau\/#breadcrumb","itemListElement":[{"@type":"ListItem","position":1,"name":"Accueil","item":"https:\/\/lesoraclesk.com\/"},{"@type":"ListItem","position":2,"name":"Boutique","item":"https:\/\/lesoraclesk.com\/index.php\/boutique-les-oracles-k\/"},{"@type":"ListItem","position":3,"name":"Print illustration originale Num\u00e9rique &#8211; A5et A4 &#8211; &#8220;Corbeau&#8221;"}]},{"@type":"WebSite","@id":"https:\/\/lesoraclesk.com\/#website","url":"https:\/\/lesoraclesk.com\/","name":"","description":"Cr\u00e9atrice d&#039;oracles","potentialAction":[{"@type":"SearchAction","target":{"@type":"EntryPoint","urlTemplate":"https:\/\/lesoraclesk.com\/?s={search_term_string}"},"query-input":"required name=search_term_string"}],"inLanguage":"fr-FR"}]}},"jetpack_sharing_enabled":true,"_links":{"self":[{"href":"https:\/\/lesoraclesk.com\/index.php\/wp-json\/wp\/v2\/product\/585","targetHints":{"allow":["GET"]}}],"collection":[{"href":"https:\/\/lesoraclesk.com\/index.php\/wp-json\/wp\/v2\/product"}],"about":[{"href":"https:\/\/lesoraclesk.com\/index.php\/wp-json\/wp\/v2\/types\/product"}],"replies":[{"embeddable":true,"href":"https:\/\/lesoraclesk.com\/index.php\/wp-json\/wp\/v2\/comments?post=585"}],"version-history":[{"count":1,"href":"https:\/\/lesoraclesk.com\/index.php\/wp-json\/wp\/v2\/product\/585\/revisions"}],"predecessor-version":[{"id":592,"href":"https:\/\/lesoraclesk.com\/index.php\/wp-json\/wp\/v2\/product\/585\/revisions\/592"}],"wp:featuredmedia":[{"embeddable":true,"href":"https:\/\/lesoraclesk.com\/index.php\/wp-json\/wp\/v2\/media\/588"}],"wp:attachment":[{"href":"https:\/\/lesoraclesk.com\/index.php\/wp-json\/wp\/v2\/media?parent=585"}],"wp:term":[{"taxonomy":"product_cat","embeddable":true,"href":"https:\/\/lesoraclesk.com\/index.php\/wp-json\/wp\/v2\/product_cat?post=585"},{"taxonomy":"product_tag","embeddable":true,"href":"https:\/\/lesoraclesk.com\/index.php\/wp-json\/wp\/v2\/product_tag?post=585"}],"curies":[{"name":"wp","href":"https:\/\/api.w.org\/{rel}","templated":true}]}}